is divided by d/(-14) + 9/(-63)?
13
Suppose -4*s + 30 = 3*u, 3*u + 18 = 3*s + s. Let j = s - 10. Let w = j + 8. Calculate the remainder when 10 is divided by w.
2
Let j(b) = 3*b**3 + b**2 - b. Let i be j(2). Let f = -25 + i. Calculate the remainder when 1 is divided by f.
0
Let j(h) = -h + 1. Suppose 0 = -2*d - 2*c - 12, -3*c = 3 + 3. What is the remainder when 18 is divided by j(d)?
3
Let u(i) be the second derivative of i**5/20 - i**4/2 - 2*i**3/3 - i**2 + i. What is the remainder when u(7) is divided by 7?
5
Suppose p - 35 = -3*i + 2*p, 3*p - 25 = -4*i. Calculate the remainder when 47 is divided by i.
7
Let d(g) = -g + 3*g - 3 + 3*g - 7*g. Suppose m = 5*s - 30, 2*s + 0*s = -5*m - 15. Calculate the remainder when d(-8) is divided by s.
3
Let w be (1/3)/(1/6). Suppose 3*t = -w*t + 85. Calculate the remainder when 66 is divided by t.
15
Suppose -3*g + 75 = 2*g + q, -28 = -3*g - 4*q. Suppose 0 = 3*w + 2*w - 220. What is the remainder when w is divided by g?
12
Suppose -5*n = g + 13, g + 3*n = -0*g - 7. Calculate the remainder when 23 is divided by -4*(1 + -1 - g).
7
Suppose -5*c + 0*c = 0. Suppose c*q + 78 = 2*q. What is the remainder when q is divided by 14?
11
Suppose -3*s - 5*r = -40, 3*r + 3 - 59 = -5*s. Calculate the remainder when 38 is divided by s.
8
Let k(u) = -u**2 + u. Let j be k(1). Let z(t) = t**3 + t**2 - t + 30. Calculate the remainder when z(0) is divided by 34/2 + (-1 - j).
14
Suppose 0 = -4*i - g - 85, -3*i - 55 = -g - 0*g. What is the remainder when 48 is divided by (-106)/(-8) - (-5)/i?
9
Let q be 1700/16 + 1/(-4). Let m = -64 + q. What is the remainder when m is divided by 11?
9
Suppose -2*i - i = -9. Suppose -i*f + 32 = 4*d + f, 12 = -3*f. What is the remainder when d is divided by 2/(-5) + 111/15?
5
Suppose 0 = -3*i + 2*k - 4*k + 1162, -2*i + k + 763 = 0. Suppose -5*b + y + i = 0, 2*b + y = -2*y + 157. What is the remainder when b is divided by 26?
25
Let h be (6/(-4))/(9/18). What is the remainder when (-164)/(-3) + h/(-9) is divided by 14?
13
Suppose 25 = v + 3*p, -4*v + p = 12 - 47. Suppose 2 + v = z. What is the remainder when 45 is divided by z?
9
Let v = 4 - -24. Suppose -3*s - 73 = -4*m - 8, -12 = 3*m. Let y = -12 - s. What is the remainder when v is divided by y?
13
Let v(r) be the first derivative of r**2 + 7*r - 2. Calculate the remainder when 26 is divided by v(4).
11
Let s = 0 + 2. Let q(f) = f**3 + 23*f**2 + 40*f - 35. Calculate the remainder when q(-21) is divided by -2 + 2 - s*-2.
3
What is the remainder when 3 + 1/(-3)*3 is divided by (-2)/(-2) + 1 + -1?
0
Let y be (3/6)/(2/(-8)). Let u be ((-9)/6 - y)*-38. Let s = u + 38. Calculate the remainder when 56 is divided by s.
18
Suppose -2*s = -3*x - 9, -3*x = -2*x - 5. Calculate the remainder when 19 is divided by s.
7
Suppose -6*t + 210 = -t. Suppose -15 - t = -3*k. Let i(f) = f**3 + 6*f**2 - 7*f - 5. Calculate the remainder when i(-5) is divided by k.
17
Let w be 104/(-24) + (-2)/(-6). Let l(a) = -13*a - 1. Calculate the remainder when l(w) is divided by 13.
12
Let w = 5 - -8. Let y = -645 + 667. What is the remainder when y is divided by w?
9
Suppose -c - 12 = -b, 2*c = 4*b - 56 + 16. Calculate the remainder when 22 is divided by b.
6
Suppose 16 = 2*m - 4*z, 0*m = -5*m - 4*z + 12. Calculate the remainder when (-22 - -1)/((-1)/1) is divided by m.
1
Let k(c) = 4*c**3 - 4*c**2 + c + 2. Suppose w - 2*f + 28 = 5*w, -28 = -4*w + f. What is the remainder when k(2) is divided by w?
6
Let o(u) = u**2 + 2*u - 7. What is the remainder when 25 is divided by o(-5)?
1
Let n(i) = i + 5. What is the remainder when 56 is divided by n(7)?
8
Suppose -5*s = 3*p - 5*p - 12, s = -2*p. Suppose -4*x + 10 = -s*x. What is the remainder when 19 is divided by x?
4
Let z(i) = 11*i + 4. What is the remainder when z(4) is divided by 25?
23
Let i = -9 + 18. Calculate the remainder when 17 is divided by i.
8
Suppose -3*c - 16 + 79 = 0. Suppose -2*f + 164 = 2*f. Calculate the remainder when f is divided by c.
20
What is the remainder when 165 is divided by (-4)/22 - 475/(-11)?
36
Let s be -13*(2*-2 - 3). Suppose 0 = -2*t - 10, 0 = 3*b - 7*b + 3*t + s. Calculate the remainder when b is divided by 7.
5
Let s = 58 - 39. What is the remainder when 34 is divided by s?
15
Suppose 0 = 2*r + 2*s - 2, 3*r - r + 3*s = 0. Suppose -2 + 8 = r*d. What is the remainder when d is divided by 1?
0
Let h = 2 + 9. Let f = 111 - 79. Calculate the remainder when f is divided by h.
10
Let q(g) = 62*g**3 - 2*g + 2. What is the remainder when q(1) is divided by 21?
20
Suppose d = -2*z + 6, -4*d + 5*d + 4*z = 10. Suppose -4*a + d*a - 4*f = -64, 81 = 3*a + 3*f. Calculate the remainder when a is divided by 7/(28/60) + -3.
10
Let a = -223 - -335. Calculate the remainder when a is divided by 19.
17
Let a = 5 - 5. Let o be -1 + 97 + a/1. Suppose -h - 3*h + o = 0. What is the remainder when h is divided by 13?
11
Let d = -86 + 147. What is the remainder when 241 is divided by d?
58
Let p(y) = 5*y**2 + y - 4. Let o(h) = -h**3 - h**2 + 8*h + 7. Let l be o(-5). Let t = -26 + l. Calculate the remainder when t is divided by p(-2).
13
Suppose 0 = 10*u - 13 - 267. Calculate the remainder when u is divided by 11.
6
Let t(o) = o**3 - 4*o**2 - 6*o - 4. What is the remainder when 93 is divided by t(6)?
29
Suppose 2*w - 3*w - 162 = -3*z, -49 = -z + 2*w. Calculate the remainder when z/1 - (-5 - -5) is divided by 28.
27
Calculate the remainder when 10 is divided by -2 + 3 - 1*-3.
2
Let z(k) be the second derivative of 3*k**5/20 + k**4/6 - k**3/2 + 3*k. Calculate the remainder when z(2) is divided by 14.
12
Let k = -36 - -64. Suppose w + k = 3*w. Let h = -10 + w. Calculate the remainder when h is divided by 2.
0
Let x(a) = -51*a**3 + 2*a - 1. Let q be x(1). Let i = -35 - q. Suppose -3*m = 5*s - i, 2*m - 5*s - 21 = 14. What is the remainder when 19 is divided by m?
9
Let h be ((-4)/(-2) - -1)/1. Suppose 0 = h*t - 8*t - 5*s + 10, 0 = 4*t + s - 14. What is the remainder when 15 is divided by t?
3
Let f(n) = n**3 + 7*n**2 + 7*n + 9. Calculate the remainder when 3 is divided by f(-6).
0
Suppose 2*u = 6*u - 4. Suppose 6 - u = -s - 5*i, -2*i - 2 = -s. Suppose 3*c - 8*c + 85 = s. Calculate the remainder when c is divided by 5.
2
Let p(g) = -g**3 + 4*g**2 + 3*g. What is the remainder when 13 is divided by p(-1)?
1
Let p(m) = m**3 - 6*m**2 - m - 7. Calculate the remainder when p(7) is divided by 19.
16
Let d(a) = 4 - 7 - 1 + a**3 + 2*a - 2*a**2. Let i be d(7). Suppose i - 91 = 4*y. What is the remainder when y is divided by 14?
13
Suppose -97*d + 91*d + 96 = 0. What is the remainder when 29 is divided by d?
13
Let i = -12 + 38. Calculate the remainder when 101 is divided by i.
23
Let a(j) = 3*j**2 - 3*j - 3. Suppose 4*d = -26*d + 1260. Calculate the remainder when d is divided by a(-2).
12
Let y(m) = -8*m + 2. Let p be y(-2). Suppose 6 = 4*u - p. What is the remainder when 10 is divided by u?
4
Calculate the remainder when ((-2)/4)/((-6)/420) is divided by 9.
8
Calculate the remainder when 45 is divided by (-69)/12*8/(-2).
22
Let w be (-3)/(3/23) - 1. Let o = -10 - w. Calculate the remainder when 41 is divided by o.
13
Let s(r) = -r**2 + 6*r - 1. Calculate the remainder when 6 is divided by s(5).
2
Suppose 1 = -b + 5. Suppose -b*w + 15 = 3. Calculate the remainder when 4 is divided by w.
1
What is the remainder when 26 is divided by (-4)/(-18) + (1232/18)/7?
6
Let m = 3 + -1. Suppose -l + m = -3. Suppose 0 = x - 5*k - 47, -7*k = -l*x - 2*k + 195. Calculate the remainder when x is divided by 13.
11
Let d(m) = -4*m - 6. Suppose 2*l = 7*l + 35. What is the remainder when d(l) is divided by (-110)/(-9) - 22/99?
10
Suppose 4*k + k = -p + 36, -5*k = 2*p - 32. What is the remainder when 13 is divided by k?
5
Calculate the remainder when 54 is divided by ((-16)/6)/(4/(-18)).
6
Suppose -2*g + 195 = g. Let m(v) = 6*v - 2. Let u(s) = -2*s**3 - 3*s**2 + s + 2. Let x be u(-2). What is the remainder when g is divided by m(x)?
21
Suppose -3*l - 9 = -114. What is the remainder when l is divided by 18?
17
Let r = -77 + 148. Calculate the remainder when r is divided by 18.
17
Let p(k) = -4*k**3 - 5*k**2 + k - 1. Let r be p(-4). Let w = r + -115. Calculate the remainder when w is divided by 19.
18
Suppose 0*a = -a + 252. Suppose -6*x + 2*x = -a. Calculate the 